206.168.190.59 - - [01/Feb/2026:18:50:14 +0700] "GET /?a=89010175991102 HTTP/1.1" 200 49773 "-" "TerraCotta https://github.com/CeramicTeam/CeramicTerracotta"
206.168.190.59 - - [01/Feb/2026:18:50:22 +0700] "GET /?a=3197572146103 HTTP/1.1" 200 49773 "-" "TerraCotta https://github.com/CeramicTeam/CeramicTerracotta"
206.168.190.59 - - [01/Feb/2026:18:50:31 +0700] "GET /wp-includes/class-wp-feed-cache-transient.php HTTP/1.1" 404 - "-" "Mozilla/5.0 (Linux; Android 5.0) AppleWebKit/537.36 (KHTML, like Gecko) Mobile Safari/537.36 (compatible; Bytespider; spider-feedback@bytedance.com)"
206.168.190.59 - - [01/Feb/2026:18:50:34 +0700] "GET /?a=43276177255000 HTTP/1.1" 200 49773 "-" "TerraCotta https://github.com/CeramicTeam/CeramicTerracotta"
206.168.190.59 - - [01/Feb/2026:18:50:43 +0700] "GET /?a=07634134356315 HTTP/1.1" 200 49773 "-" "TerraCotta https://github.com/CeramicTeam/CeramicTerracotta"
2a06:98c0:3600::103 - - [01/Feb/2026:18:50:45 +0700] "GET /.aws/credentials.bak HTTP/1.1" 404 - "-" "Mozilla/5.0 (Windows NT 10.0; Win64; x64) AppleWebKit/537.36 (KHTML, like Gecko) Chrome/120.0.0.0 Safari/537.36"
2a06:98c0:3600::103 - - [01/Feb/2026:18:50:45 +0700] "GET /.env.prod HTTP/1.1" 404 - "-" "Mozilla/5.0 (Windows NT 10.0; Win64; x64) AppleWebKit/537.36 (KHTML, like Gecko) Chrome/120.0.0.0 Safari/537.36"
2a06:98c0:3600::103 - - [01/Feb/2026:18:50:45 +0700] "GET /.docker/config.json HTTP/1.1" 404 - "-" "Mozilla/5.0 (Windows NT 10.0; Win64; x64) AppleWebKit/537.36 (KHTML, like Gecko) Chrome/120.0.0.0 Safari/537.36"
2a06:98c0:3600::103 - - [01/Feb/2026:18:50:46 +0700] "GET /.ssh/id_ed25519 HTTP/1.1" 404 - "-" "Mozilla/5.0 (Windows NT 10.0; Win64; x64) AppleWebKit/537.36 (KHTML, like Gecko) Chrome/120.0.0.0 Safari/537.36"
2a06:98c0:3600::103 - - [01/Feb/2026:18:50:46 +0700] "GET /.git/logs/HEAD HTTP/1.1" 404 - "-" "Mozilla/5.0 (Windows NT 10.0; Win64; x64) AppleWebKit/537.36 (KHTML, like Gecko) Chrome/120.0.0.0 Safari/537.36"
2a06:98c0:3600::103 - - [01/Feb/2026:18:50:46 +0700] "GET /Pipfile.lock HTTP/1.1" 404 - "-" "Mozilla/5.0 (Windows NT 10.0; Win64; x64) AppleWebKit/537.36 (KHTML, like Gecko) Chrome/120.0.0.0 Safari/537.36"
206.168.190.59 - - [01/Feb/2026:18:51:03 +0700] "GET /?a=39202287900501 HTTP/1.1" 200 49773 "-" "TerraCotta https://github.com/CeramicTeam/CeramicTerracotta"
206.168.190.59 - - [01/Feb/2026:18:51:09 +0700] "GET /?a=1270852107802 HTTP/1.1" 200 49773 "-" "TerraCotta https://github.com/CeramicTeam/CeramicTerracotta"
206.168.190.59 - - [01/Feb/2026:18:51:15 +0700] "GET /?a=99918228086204 HTTP/1.1" 200 49773 "-" "TerraCotta https://github.com/CeramicTeam/CeramicTerracotta"
206.168.190.59 - - [01/Feb/2026:18:51:17 +0700] "GET /?a=9374229000101 HTTP/1.1" 200 49773 "-" "TerraCotta https://github.com/CeramicTeam/CeramicTerracotta"
206.168.190.59 - - [01/Feb/2026:18:51:20 +0700] "GET /?a=7403176573700 HTTP/1.1" 200 49773 "-" "TerraCotta https://github.com/CeramicTeam/CeramicTerracotta"
206.168.190.59 - - [01/Feb/2026:18:51:26 +0700] "GET /?a=4672859382201 HTTP/1.1" 200 49773 "-" "TerraCotta https://github.com/CeramicTeam/CeramicTerracotta"
206.168.190.59 - - [01/Feb/2026:18:51:32 +0700] "GET /?a=81029152242901 HTTP/1.1" 200 49773 "-" "TerraCotta https://github.com/CeramicTeam/CeramicTerracotta"
206.168.190.59 - - [01/Feb/2026:18:51:35 +0700] "GET /?a=97121129681812 HTTP/1.1" 200 49773 "-" "TerraCotta https://github.com/CeramicTeam/CeramicTerracotta"
206.168.190.59 - - [01/Feb/2026:18:51:38 +0700] "GET /?a=28842231570201 HTTP/1.1" 200 49773 "-" "TerraCotta https://github.com/CeramicTeam/CeramicTerracotta"
206.168.190.59 - - [01/Feb/2026:18:51:41 +0700] "GET /?a=67901129442601 HTTP/1.1" 200 49773 "-" "TerraCotta https://github.com/CeramicTeam/CeramicTerracotta"
2a06:98c0:3600::103 - - [01/Feb/2026:18:51:49 +0700] "GET /id_rsa HTTP/1.1" 404 - "-" "Mozilla/5.0 (Windows NT 10.0; Win64; x64) AppleWebKit/537.36 (KHTML, like Gecko) Chrome/120.0.0.0 Safari/537.36"
2a06:98c0:3600::103 - - [01/Feb/2026:18:51:49 +0700] "GET /.aws/credentials.old HTTP/1.1" 404 - "-" "Mozilla/5.0 (Windows NT 10.0; Win64; x64) AppleWebKit/537.36 (KHTML, like Gecko) Chrome/120.0.0.0 Safari/537.36"
2a06:98c0:3600::103 - - [01/Feb/2026:18:51:49 +0700] "GET /.env.development HTTP/1.1" 404 - "-" "Mozilla/5.0 (Windows NT 10.0; Win64; x64) AppleWebKit/537.36 (KHTML, like Gecko) Chrome/120.0.0.0 Safari/537.36"
2a06:98c0:3600::103 - - [01/Feb/2026:18:51:49 +0700] "GET /Dockerfile HTTP/1.1" 404 - "-" "Mozilla/5.0 (Windows NT 10.0; Win64; x64) AppleWebKit/537.36 (KHTML, like Gecko) Chrome/120.0.0.0 Safari/537.36"
2a06:98c0:3600::103 - - [01/Feb/2026:18:51:49 +0700] "GET /setup.py HTTP/1.1" 404 - "-" "Mozilla/5.0 (Windows NT 10.0; Win64; x64) AppleWebKit/537.36 (KHTML, like Gecko) Chrome/120.0.0.0 Safari/537.36"
2a06:98c0:3600::103 - - [01/Feb/2026:18:51:49 +0700] "GET /.gitignore HTTP/1.1" 404 - "-" "Mozilla/5.0 (Windows NT 10.0; Win64; x64) AppleWebKit/537.36 (KHTML, like Gecko) Chrome/120.0.0.0 Safari/537.36"
206.168.190.59 - - [01/Feb/2026:18:51:55 +0700] "GET /?a=89299135065404 HTTP/1.1" 200 49773 "-" "TerraCotta https://github.com/CeramicTeam/CeramicTerracotta"
206.168.190.59 - - [01/Feb/2026:18:51:58 +0700] "GET /?a=0281772407704 HTTP/1.1" 200 49773 "-" "TerraCotta https://github.com/CeramicTeam/CeramicTerracotta"
206.168.190.59 - - [01/Feb/2026:18:52:04 +0700] "GET /?a=30807166569607 HTTP/1.1" 200 49773 "-" "TerraCotta https://github.com/CeramicTeam/CeramicTerracotta"
206.168.190.59 - - [01/Feb/2026:18:52:07 +0700] "GET /?a=47708167827905 HTTP/1.1" 200 49773 "-" "TerraCotta https://github.com/CeramicTeam/CeramicTerracotta"
206.168.190.59 - - [01/Feb/2026:18:52:52 +0700] "GET /?a=17050284385003 HTTP/1.1" 200 49773 "-" "TerraCotta https://github.com/CeramicTeam/CeramicTerracotta"
206.168.190.59 - - [01/Feb/2026:18:52:54 +0700] "GET /?a=22328101816601 HTTP/1.1" 200 49773 "-" "TerraCotta https://github.com/CeramicTeam/CeramicTerracotta"
2a06:98c0:3600::103 - - [01/Feb/2026:18:52:57 +0700] "GET /.git/objects HTTP/1.1" 404 - "-" "Mozilla/5.0 (Windows NT 10.0; Win64; x64) AppleWebKit/537.36 (KHTML, like Gecko) Chrome/120.0.0.0 Safari/537.36"
2a06:98c0:3600::103 - - [01/Feb/2026:18:52:57 +0700] "GET /.dockerignore HTTP/1.1" 404 - "-" "Mozilla/5.0 (Windows NT 10.0; Win64; x64) AppleWebKit/537.36 (KHTML, like Gecko) Chrome/120.0.0.0 Safari/537.36"
2a06:98c0:3600::103 - - [01/Feb/2026:18:52:57 +0700] "GET /aws/credentials HTTP/1.1" 404 - "-" "Mozilla/5.0 (Windows NT 10.0; Win64; x64) AppleWebKit/537.36 (KHTML, like Gecko) Chrome/120.0.0.0 Safari/537.36"
2a06:98c0:3600::103 - - [01/Feb/2026:18:52:57 +0700] "GET /id_dsa HTTP/1.1" 404 - "-" "Mozilla/5.0 (Windows NT 10.0; Win64; x64) AppleWebKit/537.36 (KHTML, like Gecko) Chrome/120.0.0.0 Safari/537.36"
2a06:98c0:3600::103 - - [01/Feb/2026:18:52:57 +0700] "GET /.env.dev HTTP/1.1" 404 - "-" "Mozilla/5.0 (Windows NT 10.0; Win64; x64) AppleWebKit/537.36 (KHTML, like Gecko) Chrome/120.0.0.0 Safari/537.36"
206.168.190.59 - - [01/Feb/2026:18:52:57 +0700] "GET /beasiswa-mm-prasetiya-mulya-business-school/ HTTP/1.1" 404 - "-" "Mozilla/5.0 (Linux; Android 5.0) AppleWebKit/537.36 (KHTML, like Gecko) Mobile Safari/537.36 (compatible; TikTokSpider; ttspider-feedback@tiktok.com)"
2a06:98c0:3600::103 - - [01/Feb/2026:18:52:57 +0700] "GET /pyproject.toml HTTP/1.1" 404 - "-" "Mozilla/5.0 (Windows NT 10.0; Win64; x64) AppleWebKit/537.36 (KHTML, like Gecko) Chrome/120.0.0.0 Safari/537.36"
206.168.190.59 - - [01/Feb/2026:18:53:10 +0700] "GET /?a=2977191456700 HTTP/1.1" 200 49773 "-" "TerraCotta https://github.com/CeramicTeam/CeramicTerracotta"
206.168.190.59 - - [01/Feb/2026:18:53:13 +0700] "GET /?a=98405187485500 HTTP/1.1" 200 49773 "-" "TerraCotta https://github.com/CeramicTeam/CeramicTerracotta"
206.168.190.59 - - [01/Feb/2026:18:53:22 +0700] "GET /?a=7751258359600 HTTP/1.1" 200 49773 "-" "TerraCotta https://github.com/CeramicTeam/CeramicTerracotta"
206.168.190.59 - - [01/Feb/2026:18:53:31 +0700] "GET /?a=79787108793800 HTTP/1.1" 200 49773 "-" "TerraCotta https://github.com/CeramicTeam/CeramicTerracotta"
206.168.190.59 - - [01/Feb/2026:18:53:43 +0700] "GET /?a=34872272888007 HTTP/1.1" 200 49773 "-" "TerraCotta https://github.com/CeramicTeam/CeramicTerracotta"
206.168.190.59 - - [01/Feb/2026:18:53:48 +0700] "GET /?a=729199850400 HTTP/1.1" 200 49773 "-" "TerraCotta https://github.com/CeramicTeam/CeramicTerracotta"
2a06:98c0:3600::103 - - [01/Feb/2026:18:53:49 +0700] "GET /docker-compose.override.yml HTTP/1.1" 404 - "-" "Mozilla/5.0 (Windows NT 10.0; Win64; x64) AppleWebKit/537.36 (KHTML, like Gecko) Chrome/120.0.0.0 Safari/537.36"
2a06:98c0:3600::103 - - [01/Feb/2026:18:53:49 +0700] "GET /.s3cfg HTTP/1.1" 404 - "-" "Mozilla/5.0 (Windows NT 10.0; Win64; x64) AppleWebKit/537.36 (KHTML, like Gecko) Chrome/120.0.0.0 Safari/537.36"
2a06:98c0:3600::103 - - [01/Feb/2026:18:53:49 +0700] "GET /manage.py HTTP/1.1" 404 - "-" "Mozilla/5.0 (Windows NT 10.0; Win64; x64) AppleWebKit/537.36 (KHTML, like Gecko) Chrome/120.0.0.0 Safari/537.36"
2a06:98c0:3600::103 - - [01/Feb/2026:18:53:49 +0700] "GET /id_ecdsa HTTP/1.1" 404 - "-" "Mozilla/5.0 (Windows NT 10.0; Win64; x64) AppleWebKit/537.36 (KHTML, like Gecko) Chrome/120.0.0.0 Safari/537.36"
2a06:98c0:3600::103 - - [01/Feb/2026:18:53:50 +0700] "GET /.env.staging HTTP/1.1" 404 - "-" "Mozilla/5.0 (Windows NT 10.0; Win64; x64) AppleWebKit/537.36 (KHTML, like Gecko) Chrome/120.0.0.0 Safari/537.36"
206.168.190.59 - - [01/Feb/2026:18:53:57 +0700] "GET /?a=91495192052002 HTTP/1.1" 200 49773 "-" "TerraCotta https://github.com/CeramicTeam/CeramicTerracotta"
206.168.190.59 - - [01/Feb/2026:18:54:00 +0700] "GET /?a=1800466323400 HTTP/1.1" 200 49773 "-" "TerraCotta https://github.com/CeramicTeam/CeramicTerracotta"
206.168.190.59 - - [01/Feb/2026:18:54:09 +0700] "GET /?a=96924208326000 HTTP/1.1" 200 49773 "-" "TerraCotta https://github.com/CeramicTeam/CeramicTerracotta"
206.168.190.59 - - [01/Feb/2026:18:54:17 +0700] "GET /?a=91773272556400 HTTP/1.1" 200 49773 "-" "TerraCotta https://github.com/CeramicTeam/CeramicTerracotta"
206.168.190.59 - - [01/Feb/2026:18:54:31 +0700] "GET /wp-includes/class-wp-comment-query.php HTTP/1.1" 404 - "-" "Mozilla/5.0 (Linux; Android 5.0) AppleWebKit/537.36 (KHTML, like Gecko) Mobile Safari/537.36 (compatible; Bytespider; spider-feedback@bytedance.com)"
206.168.190.59 - - [01/Feb/2026:18:54:32 +0700] "GET /?a=6271070222203 HTTP/1.1" 200 49773 "-" "TerraCotta https://github.com/CeramicTeam/CeramicTerracotta"
206.168.190.59 - - [01/Feb/2026:18:54:35 +0700] "GET /?a=89003182888909 HTTP/1.1" 200 49773 "-" "TerraCotta https://github.com/CeramicTeam/CeramicTerracotta"
2a06:98c0:3600::103 - - [01/Feb/2026:18:54:36 +0700] "GET /docker-compose.prod.yml HTTP/1.1" 404 - "-" "Mozilla/5.0 (Windows NT 10.0; Win64; x64) AppleWebKit/537.36 (KHTML, like Gecko) Chrome/120.0.0.0 Safari/537.36"
2a06:98c0:3600::103 - - [01/Feb/2026:18:54:37 +0700] "GET /.env.test HTTP/1.1" 404 - "-" "Mozilla/5.0 (Windows NT 10.0; Win64; x64) AppleWebKit/537.36 (KHTML, like Gecko) Chrome/120.0.0.0 Safari/537.36"
2a06:98c0:3600::103 - - [01/Feb/2026:18:54:37 +0700] "GET /tox.ini HTTP/1.1" 404 - "-" "Mozilla/5.0 (Windows NT 10.0; Win64; x64) AppleWebKit/537.36 (KHTML, like Gecko) Chrome/120.0.0.0 Safari/537.36"
2a06:98c0:3600::103 - - [01/Feb/2026:18:54:37 +0700] "GET /id_ed25519 HTTP/1.1" 404 - "-" "Mozilla/5.0 (Windows NT 10.0; Win64; x64) AppleWebKit/537.36 (KHTML, like Gecko) Chrome/120.0.0.0 Safari/537.36"
206.168.190.59 - - [01/Feb/2026:18:54:41 +0700] "GET /?a=25690116154003 HTTP/1.1" 200 49773 "-" "TerraCotta https://github.com/CeramicTeam/CeramicTerracotta"
206.168.190.59 - - [01/Feb/2026:18:54:50 +0700] "GET /?a=00072231428603 HTTP/1.1" 200 49773 "-" "TerraCotta https://github.com/CeramicTeam/CeramicTerracotta"
206.168.190.59 - - [01/Feb/2026:18:54:52 +0700] "GET /?a=27118201414505 HTTP/1.1" 200 49773 "-" "TerraCotta https://github.com/CeramicTeam/CeramicTerracotta"
206.168.190.59 - - [01/Feb/2026:18:55:14 +0700] "GET / HTTP/1.1" 200 49773 "-" "Mozilla/5.0 (X11; Linux x86_64) AppleWebKit/537.36 (KHTML, like Gecko) Chrome/129.0.0.0 Safari/537.36"
2a06:98c0:3600::103 - - [01/Feb/2026:18:55:17 +0700] "GET /docker-compose.dev.yml HTTP/1.1" 404 - "-" "Mozilla/5.0 (Windows NT 10.0; Win64; x64) AppleWebKit/537.36 (KHTML, like Gecko) Chrome/120.0.0.0 Safari/537.36"
2a06:98c0:3600::103 - - [01/Feb/2026:18:55:18 +0700] "GET /.env.backup HTTP/1.1" 404 - "-" "Mozilla/5.0 (Windows NT 10.0; Win64; x64) AppleWebKit/537.36 (KHTML, like Gecko) Chrome/120.0.0.0 Safari/537.36"
2a06:98c0:3600::103 - - [01/Feb/2026:18:55:18 +0700] "GET /config.py HTTP/1.1" 404 - "-" "Mozilla/5.0 (Windows NT 10.0; Win64; x64) AppleWebKit/537.36 (KHTML, like Gecko) Chrome/120.0.0.0 Safari/537.36"
206.168.190.59 - - [01/Feb/2026:18:55:18 +0700] "GET /content/dam/web/en_us/shopping-index/json/JSON20190412_2.json HTTP/1.1" 404 - "https://kelaskaryawan.co/" "Mozilla/5.0 (X11; Linux x86_64) AppleWebKit/537.36 (KHTML, like Gecko) Chrome/129.0.0.0 Safari/537.36"
2a06:98c0:3600::103 - - [01/Feb/2026:18:55:18 +0700] "GET /.id_rsa HTTP/1.1" 404 - "-" "Mozilla/5.0 (Windows NT 10.0; Win64; x64) AppleWebKit/537.36 (KHTML, like Gecko) Chrome/120.0.0.0 Safari/537.36"
206.168.190.59 - - [01/Feb/2026:18:55:18 +0700] "GET /?a=02200176514600 HTTP/1.1" 200 49773 "-" "TerraCotta https://github.com/CeramicTeam/CeramicTerracotta"
206.168.190.59 - - [01/Feb/2026:18:55:39 +0700] "GET /?a=40268165018506 HTTP/1.1" 200 49773 "-" "TerraCotta https://github.com/CeramicTeam/CeramicTerracotta"
206.168.190.59 - - [01/Feb/2026:18:55:45 +0700] "GET /?a=691514444803 HTTP/1.1" 200 49773 "-" "TerraCotta https://github.com/CeramicTeam/CeramicTerracotta"
2a06:98c0:3600::103 - - [01/Feb/2026:18:55:59 +0700] "GET /.kube/config HTTP/1.1" 404 - "-" "Mozilla/5.0 (Windows NT 10.0; Win64; x64) AppleWebKit/537.36 (KHTML, like Gecko) Chrome/120.0.0.0 Safari/537.36"
2a06:98c0:3600::103 - - [01/Feb/2026:18:55:59 +0700] "GET /.env.bak HTTP/1.1" 404 - "-" "Mozilla/5.0 (Windows NT 10.0; Win64; x64) AppleWebKit/537.36 (KHTML, like Gecko) Chrome/120.0.0.0 Safari/537.36"
2a06:98c0:3600::103 - - [01/Feb/2026:18:56:00 +0700] "GET /.id_dsa HTTP/1.1" 404 - "-" "Mozilla/5.0 (Windows NT 10.0; Win64; x64) AppleWebKit/537.36 (KHTML, like Gecko) Chrome/120.0.0.0 Safari/537.36"
2a06:98c0:3600::103 - - [01/Feb/2026:18:56:00 +0700] "GET /settings.py HTTP/1.1" 404 - "-" "Mozilla/5.0 (Windows NT 10.0; Win64; x64) AppleWebKit/537.36 (KHTML, like Gecko) Chrome/120.0.0.0 Safari/537.36"
206.168.190.59 - - [01/Feb/2026:18:56:00 +0700] "GET /?a=97692187913101 HTTP/1.1" 200 49773 "-" "TerraCotta https://github.com/CeramicTeam/CeramicTerracotta"
206.168.190.59 - - [01/Feb/2026:18:56:26 +0700] "GET /?a=41217186010500 HTTP/1.1" 200 49773 "-" "TerraCotta https://github.com/CeramicTeam/CeramicTerracotta"
206.168.190.59 - - [01/Feb/2026:18:56:32 +0700] "GET /?a=52186289869909 HTTP/1.1" 200 49773 "-" "TerraCotta https://github.com/CeramicTeam/CeramicTerracotta"
2a06:98c0:3600::103 - - [01/Feb/2026:18:57:02 +0700] "GET /k8s/deployment.yaml HTTP/1.1" 404 - "-" "Mozilla/5.0 (Windows NT 10.0; Win64; x64) AppleWebKit/537.36 (KHTML, like Gecko) Chrome/120.0.0.0 Safari/537.36"
2a06:98c0:3600::103 - - [01/Feb/2026:18:57:02 +0700] "GET /.env.old HTTP/1.1" 404 - "-" "Mozilla/5.0 (Windows NT 10.0; Win64; x64) AppleWebKit/537.36 (KHTML, like Gecko) Chrome/120.0.0.0 Safari/537.36"
2a06:98c0:3600::103 - - [01/Feb/2026:18:57:03 +0700] "GET /wsgi.py HTTP/1.1" 404 - "-" "Mozilla/5.0 (Windows NT 10.0; Win64; x64) AppleWebKit/537.36 (KHTML, like Gecko) Chrome/120.0.0.0 Safari/537.36"
2a06:98c0:3600::103 - - [01/Feb/2026:18:57:03 +0700] "GET /.id_ecdsa HTTP/1.1" 404 - "-" "Mozilla/5.0 (Windows NT 10.0; Win64; x64) AppleWebKit/537.36 (KHTML, like Gecko) Chrome/120.0.0.0 Safari/537.36"
206.168.190.59 - - [01/Feb/2026:18:57:04 +0700] "GET /?a=53204128654500 HTTP/1.1" 200 49773 "-" "TerraCotta https://github.com/CeramicTeam/CeramicTerracotta"
206.168.190.59 - - [01/Feb/2026:18:57:07 +0700] "GET /?a=1371646859700 HTTP/1.1" 200 49773 "-" "TerraCotta https://github.com/CeramicTeam/CeramicTerracotta"
206.168.190.59 - - [01/Feb/2026:18:57:18 +0700] "GET /?a=13731189249305 HTTP/1.1" 200 49773 "-" "TerraCotta https://github.com/CeramicTeam/CeramicTerracotta"
206.168.190.59 - - [01/Feb/2026:18:57:51 +0700] "GET /?a=76131237345101 HTTP/1.1" 200 49773 "-" "TerraCotta https://github.com/CeramicTeam/CeramicTerracotta"
2a06:98c0:3600::103 - - [01/Feb/2026:18:57:53 +0700] "GET /.env.example HTTP/1.1" 404 - "-" "Mozilla/5.0 (Windows NT 10.0; Win64; x64) AppleWebKit/537.36 (KHTML, like Gecko) Chrome/120.0.0.0 Safari/537.36"
2a06:98c0:3600::103 - - [01/Feb/2026:18:57:53 +0700] "GET /k8s/secrets.yaml HTTP/1.1" 404 - "-" "Mozilla/5.0 (Windows NT 10.0; Win64; x64) AppleWebKit/537.36 (KHTML, like Gecko) Chrome/120.0.0.0 Safari/537.36"
2a06:98c0:3600::103 - - [01/Feb/2026:18:57:54 +0700] "GET /admin/ HTTP/1.1" 404 - "-" "Mozilla/5.0 (Windows NT 10.0; Win64; x64) AppleWebKit/537.36 (KHTML, like Gecko) Chrome/120.0.0.0 Safari/537.36"
2a06:98c0:3600::103 - - [01/Feb/2026:18:57:54 +0700] "GET /.id_ed25519 HTTP/1.1" 404 - "-" "Mozilla/5.0 (Windows NT 10.0; Win64; x64) AppleWebKit/537.36 (KHTML, like Gecko) Chrome/120.0.0.0 Safari/537.36"
206.168.190.59 - - [01/Feb/2026:18:58:14 +0700] "GET /?a=71029145898200 HTTP/1.1" 200 49773 "-" "TerraCotta https://github.com/CeramicTeam/CeramicTerracotta"
206.168.190.59 - - [01/Feb/2026:18:58:20 +0700] "GET /?a=31399161648100 HTTP/1.1" 200 49773 "-" "TerraCotta https://github.com/CeramicTeam/CeramicTerracotta"
206.168.190.59 - - [01/Feb/2026:18:58:29 +0700] "GET /?a=3877841118606 HTTP/1.1" 200 49773 "-" "TerraCotta https://github.com/CeramicTeam/CeramicTerracotta"
206.168.190.59 - - [01/Feb/2026:18:58:32 +0700] "GET /pendaftaran-program-kelas-karyawan-universitas-nasional-unas-2017-2018/ HTTP/1.1" 404 - "-" "Mozilla/5.0 (Linux; Android 5.0) AppleWebKit/537.36 (KHTML, like Gecko) Mobile Safari/537.36 (compatible; Bytespider; spider-feedback@bytedance.com)"
2a06:98c0:3600::103 - - [01/Feb/2026:18:58:36 +0700] "GET /.env.sample HTTP/1.1" 404 - "-" "Mozilla/5.0 (Windows NT 10.0; Win64; x64) AppleWebKit/537.36 (KHTML, like Gecko) Chrome/120.0.0.0 Safari/537.36"
2a06:98c0:3600::103 - - [01/Feb/2026:18:58:36 +0700] "GET /kubernetes/deployment.yaml HTTP/1.1" 404 - "-" "Mozilla/5.0 (Windows NT 10.0; Win64; x64) AppleWebKit/537.36 (KHTML, like Gecko) Chrome/120.0.0.0 Safari/537.36"
2a06:98c0:3600::103 - - [01/Feb/2026:18:58:36 +0700] "GET /admin/login/ HTTP/1.1" 404 - "-" "Mozilla/5.0 (Windows NT 10.0; Win64; x64) AppleWebKit/537.36 (KHTML, like Gecko) Chrome/120.0.0.0 Safari/537.36"
2a06:98c0:3600::103 - - [01/Feb/2026:18:58:36 +0700] "GET /ssh_host_rsa_key HTTP/1.1" 404 - "-" "Mozilla/5.0 (Windows NT 10.0; Win64; x64) AppleWebKit/537.36 (KHTML, like Gecko) Chrome/120.0.0.0 Safari/537.36"
206.168.190.59 - - [01/Feb/2026:18:58:55 +0700] "GET /?a=40728116057400 HTTP/1.1" 200 49773 "-" "TerraCotta https://github.com/CeramicTeam/CeramicTerracotta"
206.168.190.59 - - [01/Feb/2026:18:59:13 +0700] "GET /?a=91965187586504 HTTP/1.1" 200 49773 "-" "TerraCotta https://github.com/CeramicTeam/CeramicTerracotta"
2a06:98c0:3600::103 - - [01/Feb/2026:18:59:14 +0700] "GET /env HTTP/1.1" 404 - "-" "Mozilla/5.0 (Windows NT 10.0; Win64; x64) AppleWebKit/537.36 (KHTML, like Gecko) Chrome/120.0.0.0 Safari/537.36"
2a06:98c0:3600::103 - - [01/Feb/2026:18:59:15 +0700] "GET /helm/values.yaml HTTP/1.1" 404 - "-" "Mozilla/5.0 (Windows NT 10.0; Win64; x64) AppleWebKit/537.36 (KHTML, like Gecko) Chrome/120.0.0.0 Safari/537.36"
2a06:98c0:3600::103 - - [01/Feb/2026:18:59:15 +0700] "GET /django-admin/ HTTP/1.1" 404 - "-" "Mozilla/5.0 (Windows NT 10.0; Win64; x64) AppleWebKit/537.36 (KHTML, like Gecko) Chrome/120.0.0.0 Safari/537.36"
2a06:98c0:3600::103 - - [01/Feb/2026:18:59:15 +0700] "GET /ssh_host_dsa_key HTTP/1.1" 404 - "-" "Mozilla/5.0 (Windows NT 10.0; Win64; x64) AppleWebKit/537.36 (KHTML, like Gecko) Chrome/120.0.0.0 Safari/537.36"
206.168.190.59 - - [01/Feb/2026:18:59:16 +0700] "GET /?a=471124341202 HTTP/1.1" 200 49773 "-" "TerraCotta https://github.com/CeramicTeam/CeramicTerracotta"
206.168.190.59 - - [01/Feb/2026:18:59:18 +0700] "GET /?a=80980218294101 HTTP/1.1" 200 49773 "-" "TerraCotta https://github.com/CeramicTeam/CeramicTerracotta"
206.168.190.59 - - [01/Feb/2026:18:59:21 +0700] "GET /?a=59270202873500 HTTP/1.1" 200 49773 "-" "TerraCotta https://github.com/CeramicTeam/CeramicTerracotta"
206.168.190.59 - - [01/Feb/2026:18:59:24 +0700] "GET /?a=68899132571801 HTTP/1.1" 200 49773 "-" "TerraCotta https://github.com/CeramicTeam/CeramicTerracotta"
206.168.190.59 - - [01/Feb/2026:18:59:36 +0700] "GET /?a=80731132071200 HTTP/1.1" 200 49773 "-" "TerraCotta https://github.com/CeramicTeam/CeramicTerracotta"
206.168.190.59 - - [01/Feb/2026:18:59:48 +0700] "GET /?a=02828179044600 HTTP/1.1" 200 49773 "-" "TerraCotta https://github.com/CeramicTeam/CeramicTerracotta"
2a06:98c0:3600::103 - - [01/Feb/2026:18:59:51 +0700] "GET /application.env HTTP/1.1" 404 - "-" "Mozilla/5.0 (Windows NT 10.0; Win64; x64) AppleWebKit/537.36 (KHTML, like Gecko) Chrome/120.0.0.0 Safari/537.36"
2a06:98c0:3600::103 - - [01/Feb/2026:18:59:52 +0700] "GET /flask-admin/ HTTP/1.1" 404 - "-" "Mozilla/5.0 (Windows NT 10.0; Win64; x64) AppleWebKit/537.36 (KHTML, like Gecko) Chrome/120.0.0.0 Safari/537.36"
2a06:98c0:3600::103 - - [01/Feb/2026:18:59:52 +0700] "GET /ssh_host_ecdsa_key HTTP/1.1" 404 - "-" "Mozilla/5.0 (Windows NT 10.0; Win64; x64) AppleWebKit/537.36 (KHTML, like Gecko) Chrome/120.0.0.0 Safari/537.36"
206.168.190.59 - - [01/Feb/2026:19:00:02 +0700] "GET /?a=19205135791406 HTTP/1.1" 200 49773 "-" "TerraCotta https://github.com/CeramicTeam/CeramicTerracotta"
206.168.190.59 - - [01/Feb/2026:19:00:26 +0700] "GET /?a=104919162902 HTTP/1.1" 200 49773 "-" "TerraCotta https://github.com/CeramicTeam/CeramicTerracotta"
206.168.190.59 - - [01/Feb/2026:19:00:27 +0700] "GET /tag/photonics/ HTTP/1.1" 404 - "-" "meta-externalagent/1.1 (+https://developers.facebook.com/docs/sharing/webmasters/crawler)"
206.168.190.59 - - [01/Feb/2026:19:00:29 +0700] "GET /?a=1860163935703 HTTP/1.1" 200 49773 "-" "TerraCotta https://github.com/CeramicTeam/CeramicTerracotta"
2a06:98c0:3600::103 - - [01/Feb/2026:19:00:54 +0700] "GET /config.env HTTP/1.1" 404 - "-" "Mozilla/5.0 (Windows NT 10.0; Win64; x64) AppleWebKit/537.36 (KHTML, like Gecko) Chrome/120.0.0.0 Safari/537.36"
2a06:98c0:3600::103 - - [01/Feb/2026:19:00:55 +0700] "GET /api/admin/ HTTP/1.1" 404 - "-" "Mozilla/5.0 (Windows NT 10.0; Win64; x64) AppleWebKit/537.36 (KHTML, like Gecko) Chrome/120.0.0.0 Safari/537.36"
2a06:98c0:3600::103 - - [01/Feb/2026:19:00:55 +0700] "GET /ssh_host_ed25519_key HTTP/1.1" 404 - "-" "Mozilla/5.0 (Windows NT 10.0; Win64; x64) AppleWebKit/537.36 (KHTML, like Gecko) Chrome/120.0.0.0 Safari/537.36"
206.168.190.59 - - [01/Feb/2026:19:00:55 +0700] "GET /?a=83665269683302 HTTP/1.1" 200 49773 "-" "TerraCotta https://github.com/CeramicTeam/CeramicTerracotta"
206.168.190.59 - - [01/Feb/2026:19:01:01 +0700] "GET /?a=87228208333003 HTTP/1.1" 200 49773 "-" "TerraCotta https://github.com/CeramicTeam/CeramicTerracotta"
206.168.190.59 - - [01/Feb/2026:19:01:04 +0700] "GET /?a=69872218833005 HTTP/1.1" 200 49773 "-" "TerraCotta https://github.com/CeramicTeam/CeramicTerracotta"
206.168.190.59 - - [01/Feb/2026:19:01:19 +0700] "GET /?a=91580113836300 HTTP/1.1" 200 49773 "-" "TerraCotta https://github.com/CeramicTeam/CeramicTerracotta"
206.168.190.59 - - [01/Feb/2026:19:01:21 +0700] "GET /?a=12772248219902 HTTP/1.1" 200 49773 "-" "TerraCotta https://github.com/CeramicTeam/CeramicTerracotta"
206.168.190.59 - - [01/Feb/2026:19:01:25 +0700] "GET /?a=2245195434603 HTTP/1.1" 200 49773 "-" "TerraCotta https://github.com/CeramicTeam/CeramicTerracotta"
206.168.190.59 - - [01/Feb/2026:19:01:39 +0700] "GET /?a=14600143919402 HTTP/1.1" 200 49773 "-" "TerraCotta https://github.com/CeramicTeam/CeramicTerracotta"
2a06:98c0:3600::103 - - [01/Feb/2026:19:01:56 +0700] "GET /docs HTTP/1.1" 404 - "-" "Mozilla/5.0 (Windows NT 10.0; Win64; x64) AppleWebKit/537.36 (KHTML, like Gecko) Chrome/120.0.0.0 Safari/537.36"
2a06:98c0:3600::103 - - [01/Feb/2026:19:01:56 +0700] "GET /.ssh/id_rsa.pub HTTP/1.1" 404 - "-" "Mozilla/5.0 (Windows NT 10.0; Win64; x64) AppleWebKit/537.36 (KHTML, like Gecko) Chrome/120.0.0.0 Safari/537.36"
206.168.190.59 - - [01/Feb/2026:19:02:17 +0700] "GET /wp-content/uploads/2021/09/ubd-373x210.jpg HTTP/1.1" 404 - "http://pic.sogou.com" "Sogou Pic Spider/3.0(+http://www.sogou.com/docs/help/webmasters.htm#07)"
206.168.190.59 - - [01/Feb/2026:19:02:27 +0700] "GET /?a=86208147226703 HTTP/1.1" 200 49773 "-" "TerraCotta https://github.com/CeramicTeam/CeramicTerracotta"
206.168.190.59 - - [01/Feb/2026:19:02:44 +0700] "GET /?a=39980233610500 HTTP/1.1" 200 49773 "-" "TerraCotta https://github.com/CeramicTeam/CeramicTerracotta"
206.168.190.59 - - [01/Feb/2026:19:02:47 +0700] "GET /?a=6405046564500 HTTP/1.1" 200 49773 "-" "TerraCotta https://github.com/CeramicTeam/CeramicTerracotta"
206.168.190.59 - - [01/Feb/2026:19:02:50 +0700] "GET /?a=05732270627003 HTTP/1.1" 200 49773 "-" "TerraCotta https://github.com/CeramicTeam/CeramicTerracotta"
2a06:98c0:3600::103 - - [01/Feb/2026:19:02:51 +0700] "GET /redoc HTTP/1.1" 404 - "-" "Mozilla/5.0 (Windows NT 10.0; Win64; x64) AppleWebKit/537.36 (KHTML, like Gecko) Chrome/120.0.0.0 Safari/537.36"
2a06:98c0:3600::103 - - [01/Feb/2026:19:02:51 +0700] "GET /.ssh/id_dsa.pub HTTP/1.1" 404 - "-" "Mozilla/5.0 (Windows NT 10.0; Win64; x64) AppleWebKit/537.36 (KHTML, like Gecko) Chrome/120.0.0.0 Safari/537.36"
206.168.190.59 - - [01/Feb/2026:19:02:53 +0700] "GET /?a=81877285700400 HTTP/1.1" 200 49773 "-" "TerraCotta https://github.com/CeramicTeam/CeramicTerracotta"
206.168.190.59 - - [01/Feb/2026:19:02:56 +0700] "GET /?a=83099238304600 HTTP/1.1" 200 49773 "-" "TerraCotta https://github.com/CeramicTeam/CeramicTerracotta"
206.168.190.59 - - [01/Feb/2026:19:03:20 +0700] "GET /?a=62932132703 HTTP/1.1" 200 49773 "-" "TerraCotta https://github.com/CeramicTeam/CeramicTerracotta"
206.168.190.59 - - [01/Feb/2026:19:03:27 +0700] "GET /biaya-kuliah-universitas-islam-nusantara-uninus-bandung/ HTTP/1.1" 404 - "-" "Mozilla/5.0 (Windows NT 10.0; Win64; x64) AppleWebKit/537.36 (KHTML, like Gecko) Chrome/144.0.0.0 Safari/537.36"
206.168.190.59 - - [01/Feb/2026:19:03:28 +0700] "GET /favicon.ico HTTP/1.1" 404 - "https://kelaskaryawan.co/biaya-kuliah-universitas-islam-nusantara-uninus-bandung/" "Mozilla/5.0 (Windows NT 10.0; Win64; x64) AppleWebKit/537.36 (KHTML, like Gecko) Chrome/144.0.0.0 Safari/537.36"
206.168.190.59 - - [01/Feb/2026:19:03:30 +0700] "GET /pendaftaran-online-universitas-persatuan-islam-bandung-unipi-tahun-2021-2022/ HTTP/1.1" 404 - "-" "Mozilla/5.0 (Windows NT 10.0; Win64; x64) AppleWebKit/537.36 (KHTML, like Gecko) Chrome/144.0.0.0 Safari/537.36"
2a06:98c0:3600::103 - - [01/Feb/2026:19:03:34 +0700] "GET /.ssh/id_ecdsa.pub HTTP/1.1" 404 - "-" "Mozilla/5.0 (Windows NT 10.0; Win64; x64) AppleWebKit/537.36 (KHTML, like Gecko) Chrome/120.0.0.0 Safari/537.36"
2a06:98c0:3600::103 - - [01/Feb/2026:19:03:34 +0700] "GET /api/docs HTTP/1.1" 404 - "-" "Mozilla/5.0 (Windows NT 10.0; Win64; x64) AppleWebKit/537.36 (KHTML, like Gecko) Chrome/120.0.0.0 Safari/537.36"
206.168.190.59 - - [01/Feb/2026:19:04:05 +0700] "GET /?a=3917935532200 HTTP/1.1" 200 49773 "-" "TerraCotta https://github.com/CeramicTeam/CeramicTerracotta"
2a06:98c0:3600::103 - - [01/Feb/2026:19:04:08 +0700] "GET /swagger HTTP/1.1" 404 - "-" "Mozilla/5.0 (Windows NT 10.0; Win64; x64) AppleWebKit/537.36 (KHTML, like Gecko) Chrome/120.0.0.0 Safari/537.36"
2a06:98c0:3600::103 - - [01/Feb/2026:19:04:08 +0700] "GET /.ssh/id_ed25519.pub HTTP/1.1" 404 - "-" "Mozilla/5.0 (Windows NT 10.0; Win64; x64) AppleWebKit/537.36 (KHTML, like Gecko) Chrome/120.0.0.0 Safari/537.36"
206.168.190.59 - - [01/Feb/2026:19:04:28 +0700] "GET /?a=76895185846800 HTTP/1.1" 200 49773 "-" "TerraCotta https://github.com/CeramicTeam/CeramicTerracotta"
206.168.190.59 - - [01/Feb/2026:19:04:40 +0700] "GET /?a=71831206898005 HTTP/1.1" 200 49773 "-" "TerraCotta https://github.com/CeramicTeam/CeramicTerracotta"
206.168.190.59 - - [01/Feb/2026:19:04:43 +0700] "GET /?a=04978223537100 HTTP/1.1" 200 49773 "-" "TerraCotta https://github.com/CeramicTeam/CeramicTerracotta"
206.168.190.59 - - [01/Feb/2026:19:04:58 +0700] "GET /?a=9659024364601 HTTP/1.1" 200 49773 "-" "TerraCotta https://github.com/CeramicTeam/CeramicTerracotta"
206.168.190.59 - - [01/Feb/2026:19:05:04 +0700] "GET /?a=17200294066103 HTTP/1.1" 200 49773 "-" "TerraCotta https://github.com/CeramicTeam/CeramicTerracotta"
206.168.190.59 - - [01/Feb/2026:19:05:09 +0700] "GET /?a=60729244259706 HTTP/1.1" 200 49773 "-" "TerraCotta https://github.com/CeramicTeam/CeramicTerracotta"
206.168.190.59 - - [01/Feb/2026:19:05:12 +0700] "GET /?a=71183231704802 HTTP/1.1" 200 49773 "-" "TerraCotta https://github.com/CeramicTeam/CeramicTerracotta"
2a06:98c0:3600::103 - - [01/Feb/2026:19:05:20 +0700] "GET /swagger.json HTTP/1.1" 404 - "-" "Mozilla/5.0 (Windows NT 10.0; Win64; x64) AppleWebKit/537.36 (KHTML, like Gecko) Chrome/120.0.0.0 Safari/537.36"
2a06:98c0:3600::103 - - [01/Feb/2026:19:05:21 +0700] "GET /.ssh/authorized_keys HTTP/1.1" 404 - "-" "Mozilla/5.0 (Windows NT 10.0; Win64; x64) AppleWebKit/537.36 (KHTML, like Gecko) Chrome/120.0.0.0 Safari/537.36"
206.168.190.59 - - [01/Feb/2026:19:05:24 +0700] "GET /?a=15090182729002 HTTP/1.1" 200 49773 "-" "TerraCotta https://github.com/CeramicTeam/CeramicTerracotta"
206.168.190.59 - - [01/Feb/2026:19:05:48 +0700] "GET /?a=19209300351900 HTTP/1.1" 200 49773 "-" "TerraCotta https://github.com/CeramicTeam/CeramicTerracotta"
206.168.190.59 - - [01/Feb/2026:19:05:54 +0700] "GET /phd-studentship-alzheimers-society-university-of-edinburgh-uk/ HTTP/1.1" 404 - "-" "meta-externalagent/1.1 (+https://developers.facebook.com/docs/sharing/webmasters/crawler)"
206.168.190.59 - - [01/Feb/2026:19:06:03 +0700] "GET /?a=24361250458202 HTTP/1.1" 200 49773 "-" "TerraCotta https://github.com/CeramicTeam/CeramicTerracotta"
206.168.190.59 - - [01/Feb/2026:19:06:17 +0700] "GET /?a=44694204064700 HTTP/1.1" 200 49773 "-" "TerraCotta https://github.com/CeramicTeam/CeramicTerracotta"
206.168.190.59 - - [01/Feb/2026:19:06:23 +0700] "GET /?a=2789921940306 HTTP/1.1" 200 49773 "-" "TerraCotta https://github.com/CeramicTeam/CeramicTerracotta"
206.168.190.59 - - [01/Feb/2026:19:06:32 +0700] "GET /?a=72858181165705 HTTP/1.1" 200 49773 "-" "TerraCotta https://github.com/CeramicTeam/CeramicTerracotta"
2a06:98c0:3600::103 - - [01/Feb/2026:19:06:32 +0700] "GET /openapi.json HTTP/1.1" 404 - "-" "Mozilla/5.0 (Windows NT 10.0; Win64; x64) AppleWebKit/537.36 (KHTML, like Gecko) Chrome/120.0.0.0 Safari/537.36"
2a06:98c0:3600::103 - - [01/Feb/2026:19:06:32 +0700] "GET /.ssh/known_hosts HTTP/1.1" 404 - "-" "Mozilla/5.0 (Windows NT 10.0; Win64; x64) AppleWebKit/537.36 (KHTML, like Gecko) Chrome/120.0.0.0 Safari/537.36"
206.168.190.59 - - [01/Feb/2026:19:06:43 +0700] "GET /?a=89971163218609 HTTP/1.1" 200 49773 "-" "TerraCotta https://github.com/CeramicTeam/CeramicTerracotta"
206.168.190.59 - - [01/Feb/2026:19:06:49 +0700] "GET /?a=92128226380700 HTTP/1.1" 200 49773 "-" "TerraCotta https://github.com/CeramicTeam/CeramicTerracotta"
206.168.190.59 - - [01/Feb/2026:19:07:16 +0700] "GET /?a=97457228070500 HTTP/1.1" 200 49773 "-" "TerraCotta https://github.com/CeramicTeam/CeramicTerracotta"
206.168.190.59 - - [01/Feb/2026:19:07:19 +0700] "GET /?a=01419239721600 HTTP/1.1" 200 49773 "-" "TerraCotta https://github.com/CeramicTeam/CeramicTerracotta"
206.168.190.59 - - [01/Feb/2026:19:07:25 +0700] "GET /?a=78198259025202 HTTP/1.1" 200 49773 "-" "TerraCotta https://github.com/CeramicTeam/CeramicTerracotta"
206.168.190.59 - - [01/Feb/2026:19:07:28 +0700] "GET /?a=0700739409008 HTTP/1.1" 200 49773 "-" "TerraCotta https://github.com/CeramicTeam/CeramicTerracotta"
2a06:98c0:3600::103 - - [01/Feb/2026:19:07:29 +0700] "GET /%ff_debug_test HTTP/1.1" 404 - "-" "Mozilla/5.0 (Windows NT 10.0; Win64; x64) AppleWebKit/537.36 (KHTML, like Gecko) Chrome/120.0.0.0 Safari/537.36"
2a06:98c0:3600::103 - - [01/Feb/2026:19:07:30 +0700] "GET /id_rsa.pub HTTP/1.1" 404 - "-" "Mozilla/5.0 (Windows NT 10.0; Win64; x64) AppleWebKit/537.36 (KHTML, like Gecko) Chrome/120.0.0.0 Safari/537.36"
206.168.190.59 - - [01/Feb/2026:19:07:31 +0700] "GET /?a=24825295472400 HTTP/1.1" 200 49773 "-" "TerraCotta https://github.com/CeramicTeam/CeramicTerracotta"
206.168.190.59 - - [01/Feb/2026:19:07:39 +0700] "GET /?a=67278111381700 HTTP/1.1" 200 49773 "-" "TerraCotta https://github.com/CeramicTeam/CeramicTerracotta"
206.168.190.59 - - [01/Feb/2026:19:07:45 +0700] "GET /?a=1250225224101 HTTP/1.1" 200 49773 "-" "TerraCotta https://github.com/CeramicTeam/CeramicTerracotta"
206.168.190.59 - - [01/Feb/2026:19:07:51 +0700] "GET /?a=77380188338606 HTTP/1.1" 200 49773 "-" "TerraCotta https://github.com/CeramicTeam/CeramicTerracotta"
206.168.190.59 - - [01/Feb/2026:19:08:11 +0700] "GET /?a=3932789972201 HTTP/1.1" 200 49773 "-" "TerraCotta https://github.com/CeramicTeam/CeramicTerracotta"
2a06:98c0:3600::103 - - [01/Feb/2026:19:08:14 +0700] "GET /flower/ HTTP/1.1" 404 - "-" "Mozilla/5.0 (Windows NT 10.0; Win64; x64) AppleWebKit/537.36 (KHTML, like Gecko) Chrome/120.0.0.0 Safari/537.36"
2a06:98c0:3600::103 - - [01/Feb/2026:19:08:14 +0700] "GET /.ssh/config HTTP/1.1" 404 - "-" "Mozilla/5.0 (Windows NT 10.0; Win64; x64) AppleWebKit/537.36 (KHTML, like Gecko) Chrome/120.0.0.0 Safari/537.36"
206.168.190.59 - - [01/Feb/2026:19:08:21 +0700] "GET /?a=50212126886300 HTTP/1.1" 200 49773 "-" "TerraCotta https://github.com/CeramicTeam/CeramicTerracotta"
206.168.190.59 - - [01/Feb/2026:19:08:32 +0700] "GET /?a=20989234445201 HTTP/1.1" 200 49773 "-" "TerraCotta https://github.com/CeramicTeam/CeramicTerracotta"
206.168.190.59 - - [01/Feb/2026:19:08:35 +0700] "GET /?a=9734159018900 HTTP/1.1" 200 49773 "-" "TerraCotta https://github.com/CeramicTeam/CeramicTerracotta"
206.168.190.59 - - [01/Feb/2026:19:08:47 +0700] "GET /usa-graduate-program-scholarship-in-crystallography-by-icdd-awards-ludo-frevel-crystallography-scholarships/ HTTP/1.1" 404 - "-" "Mozilla/5.0 AppleWebKit/537.36 (KHTML, like Gecko; compatible; bingbot/2.0; +http://www.bing.com/bingbot.htm) Chrome/116.0.1938.76 Safari/537.36"
2a06:98c0:3600::103 - - [01/Feb/2026:19:08:54 +0700] "GET /dashboard/ HTTP/1.1" 404 - "-" "Mozilla/5.0 (Windows NT 10.0; Win64; x64) AppleWebKit/537.36 (KHTML, like Gecko) Chrome/120.0.0.0 Safari/537.36"
206.168.190.59 - - [01/Feb/2026:19:09:08 +0700] "GET /?a=12880151783106 HTTP/1.1" 200 49773 "-" "TerraCotta https://github.com/CeramicTeam/CeramicTerracotta"
206.168.190.59 - - [01/Feb/2026:19:09:20 +0700] "GET /?a=64990148210004 HTTP/1.1" 200 49773 "-" "TerraCotta https://github.com/CeramicTeam/CeramicTerracotta"
206.168.190.59 - - [01/Feb/2026:19:09:35 +0700] "GET /?a=0714068608802 HTTP/1.1" 200 49773 "-" "TerraCotta https://github.com/CeramicTeam/CeramicTerracotta"
206.168.190.59 - - [01/Feb/2026:19:09:43 +0700] "GET /?a=08601154592607 HTTP/1.1" 200 49773 "-" "TerraCotta https://github.com/CeramicTeam/CeramicTerracotta"
206.168.190.59 - - [01/Feb/2026:19:09:51 +0700] "GET /?a=08237255648400 HTTP/1.1" 200 49773 "-" "TerraCotta https://github.com/CeramicTeam/CeramicTerracotta"
206.168.190.59 - - [01/Feb/2026:19:10:03 +0700] "GET /?a=8980248266000 HTTP/1.1" 200 49773 "-" "TerraCotta https://github.com/CeramicTeam/CeramicTerracotta"
2a06:98c0:3600::103 - - [01/Feb/2026:19:10:06 +0700] "GET /flower/dashboard HTTP/1.1" 404 - "-" "Mozilla/5.0 (Windows NT 10.0; Win64; x64) AppleWebKit/537.36 (KHTML, like Gecko) Chrome/120.0.0.0 Safari/537.36"
206.168.190.59 - - [01/Feb/2026:19:10:06 +0700] "GET /?a=37559148614403 HTTP/1.1" 200 49773 "-" "TerraCotta https://github.com/CeramicTeam/CeramicTerracotta"
206.168.190.59 - - [01/Feb/2026:19:10:24 +0700] "GET /?a=79004189389200 HTTP/1.1" 200 49773 "-" "TerraCotta https://github.com/CeramicTeam/CeramicTerracotta"
206.168.190.59 - - [01/Feb/2026:19:10:32 +0700] "GET /?a=86028236479201 HTTP/1.1" 200 49773 "-" "TerraCotta https://github.com/CeramicTeam/CeramicTerracotta"
206.168.190.59 - - [01/Feb/2026:19:11:05 +0700] "GET /?a=17411280303202 HTTP/1.1" 200 49773 "-" "TerraCotta https://github.com/CeramicTeam/CeramicTerracotta"
206.168.190.59 - - [01/Feb/2026:19:11:10 +0700] "GET /?a=11800288173901 HTTP/1.1" 200 49773 "-" "TerraCotta https://github.com/CeramicTeam/CeramicTerracotta"
2a06:98c0:3600::103 - - [01/Feb/2026:19:11:15 +0700] "GET /tree HTTP/1.1" 404 - "-" "Mozilla/5.0 (Windows NT 10.0; Win64; x64) AppleWebKit/537.36 (KHTML, like Gecko) Chrome/120.0.0.0 Safari/537.36"
206.168.190.59 - - [01/Feb/2026:19:11:25 +0700] "GET /?a=12657267436601 HTTP/1.1" 200 49773 "-" "TerraCotta https://github.com/CeramicTeam/CeramicTerracotta"
206.168.190.59 - - [01/Feb/2026:19:11:45 +0700] "GET /?a=77109262613103 HTTP/1.1" 200 49773 "-" "TerraCotta https://github.com/CeramicTeam/CeramicTerracotta"
206.168.190.59 - - [01/Feb/2026:19:11:54 +0700] "GET /?a=22287135552503 HTTP/1.1" 200 49773 "-" "TerraCotta https://github.com/CeramicTeam/CeramicTerracotta"
206.168.190.59 - - [01/Feb/2026:19:12:05 +0700] "GET /?a=01783218936900 HTTP/1.1" 200 49773 "-" "TerraCotta https://github.com/CeramicTeam/CeramicTerracotta"
2a06:98c0:3600::103 - - [01/Feb/2026:19:12:30 +0700] "GET /lab HTTP/1.1" 404 - "-" "Mozilla/5.0 (Windows NT 10.0; Win64; x64) AppleWebKit/537.36 (KHTML, like Gecko) Chrome/120.0.0.0 Safari/537.36"
206.168.190.59 - - [01/Feb/2026:19:12:34 +0700] "GET /?a=2943738293203 HTTP/1.1" 200 49773 "-" "TerraCotta https://github.com/CeramicTeam/CeramicTerracotta"
206.168.190.59 - - [01/Feb/2026:19:12:46 +0700] "GET /?a=88826182150000 HTTP/1.1" 200 49773 "-" "TerraCotta https://github.com/CeramicTeam/CeramicTerracotta"
206.168.190.59 - - [01/Feb/2026:19:12:58 +0700] "GET /?a=6200598492701 HTTP/1.1" 200 49773 "-" "TerraCotta https://github.com/CeramicTeam/CeramicTerracotta"
206.168.190.59 - - [01/Feb/2026:19:13:01 +0700] "GET /?a=2755050559000 HTTP/1.1" 200 49773 "-" "TerraCotta https://github.com/CeramicTeam/CeramicTerracotta"
206.168.190.59 - - [01/Feb/2026:19:13:10 +0700] "GET /?a=0438075430101 HTTP/1.1" 200 49773 "-" "TerraCotta https://github.com/CeramicTeam/CeramicTerracotta"
206.168.190.59 - - [01/Feb/2026:19:13:13 +0700] "GET /tag/biaya-kelas-karyawan-universitas-sains-cut-nyak-dhien-langsa-aceh/ HTTP/1.1" 404 - "-" "Mozilla/5.0 AppleWebKit/537.36 (KHTML, like Gecko; compatible; bingbot/2.0; +http://www.bing.com/bingbot.htm) Chrome/116.0.1938.76 Safari/537.36"
2a06:98c0:3600::103 - - [01/Feb/2026:19:13:22 +0700] "GET /notebooks HTTP/1.1" 404 - "-" "Mozilla/5.0 (Windows NT 10.0; Win64; x64) AppleWebKit/537.36 (KHTML, like Gecko) Chrome/120.0.0.0 Safari/537.36"
206.168.190.59 - - [01/Feb/2026:19:13:30 +0700] "GET /phd-student-position-at-vienna-university-of-technology/ HTTP/1.1" 404 - "-" "meta-externalagent/1.1 (+https://developers.facebook.com/docs/sharing/webmasters/crawler)"
206.168.190.59 - - [01/Feb/2026:19:13:33 +0700] "GET /?a=79248243046803 HTTP/1.1" 200 49773 "-" "TerraCotta https://github.com/CeramicTeam/CeramicTerracotta"
206.168.190.59 - - [01/Feb/2026:19:13:43 +0700] "GET /?a=9178889082800 HTTP/1.1" 200 49773 "-" "TerraCotta https://github.com/CeramicTeam/CeramicTerracotta"
206.168.190.59 - - [01/Feb/2026:19:13:48 +0700] "GET /?a=83507263525001 HTTP/1.1" 200 49773 "-" "TerraCotta https://github.com/CeramicTeam/CeramicTerracotta"
206.168.190.59 - - [01/Feb/2026:19:14:03 +0700] "GET /?a=00972132113503 HTTP/1.1" 200 49773 "-" "TerraCotta https://github.com/CeramicTeam/CeramicTerracotta"
206.168.190.59 - - [01/Feb/2026:19:14:09 +0700] "GET /?a=91096298726107 HTTP/1.1" 200 49773 "-" "TerraCotta https://github.com/CeramicTeam/CeramicTerracotta"
2a06:98c0:3600::103 - - [01/Feb/2026:19:14:26 +0700] "GET /graphql HTTP/1.1" 404 - "-" "Mozilla/5.0 (Windows NT 10.0; Win64; x64) AppleWebKit/537.36 (KHTML, like Gecko) Chrome/120.0.0.0 Safari/537.36"
206.168.190.59 - - [01/Feb/2026:19:14:36 +0700] "GET /?a=84125213258203 HTTP/1.1" 200 49773 "-" "TerraCotta https://github.com/CeramicTeam/CeramicTerracotta"
206.168.190.59 - - [01/Feb/2026:19:14:47 +0700] "GET /?a=72216212123401 HTTP/1.1" 200 49773 "-" "TerraCotta https://github.com/CeramicTeam/CeramicTerracotta"
206.168.190.59 - - [01/Feb/2026:19:15:10 +0700] "GET /?a=7524983796301 HTTP/1.1" 200 49773 "-" "TerraCotta https://github.com/CeramicTeam/CeramicTerracotta"
206.168.190.59 - - [01/Feb/2026:19:15:28 +0700] "GET /?a=05691157315601 HTTP/1.1" 200 49773 "-" "TerraCotta https://github.com/CeramicTeam/CeramicTerracotta"
2a06:98c0:3600::103 - - [01/Feb/2026:19:15:43 +0700] "GET /static/ HTTP/1.1" 404 - "-" "Mozilla/5.0 (Windows NT 10.0; Win64; x64) AppleWebKit/537.36 (KHTML, like Gecko) Chrome/120.0.0.0 Safari/537.36"
206.168.190.59 - - [01/Feb/2026:19:15:59 +0700] "GET /?a=40181190332801 HTTP/1.1" 200 49773 "-" "TerraCotta https://github.com/CeramicTeam/CeramicTerracotta"
206.168.190.59 - - [01/Feb/2026:19:16:01 +0700] "GET /?a=38616258193905 HTTP/1.1" 200 49773 "-" "TerraCotta https://github.com/CeramicTeam/CeramicTerracotta"
206.168.190.59 - - [01/Feb/2026:19:16:04 +0700] "GET /?a=52061206924202 HTTP/1.1" 200 49773 "-" "TerraCotta https://github.com/CeramicTeam/CeramicTerracotta"
206.168.190.59 - - [01/Feb/2026:19:16:16 +0700] "GET /?a=0277778965702 HTTP/1.1" 200 49773 "-" "TerraCotta https://github.com/CeramicTeam/CeramicTerracotta"
206.168.190.59 - - [01/Feb/2026:19:16:34 +0700] "GET /?a=71219279969800 HTTP/1.1" 200 49773 "-" "TerraCotta https://github.com/CeramicTeam/CeramicTerracotta"
2a06:98c0:3600::103 - - [01/Feb/2026:19:16:41 +0700] "GET /media/ HTTP/1.1" 404 - "-" "Mozilla/5.0 (Windows NT 10.0; Win64; x64) AppleWebKit/537.36 (KHTML, like Gecko) Chrome/120.0.0.0 Safari/537.36"
206.168.190.59 - - [01/Feb/2026:19:16:45 +0700] "GET /?a=49121124599201 HTTP/1.1" 200 49773 "-" "TerraCotta https://github.com/CeramicTeam/CeramicTerracotta"
206.168.190.59 - - [01/Feb/2026:19:16:48 +0700] "GET /?a=78038117751602 HTTP/1.1" 200 49773 "-" "TerraCotta https://github.com/CeramicTeam/CeramicTerracotta"
206.168.190.59 - - [01/Feb/2026:19:17:03 +0700] "GET /?a=6278014926703 HTTP/1.1" 200 49773 "-" "TerraCotta https://github.com/CeramicTeam/CeramicTerracotta"
206.168.190.59 - - [01/Feb/2026:19:17:11 +0700] "GET /?a=126689444101 HTTP/1.1" 200 49773 "-" "TerraCotta https://github.com/CeramicTeam/CeramicTerracotta"
206.168.190.59 - - [01/Feb/2026:19:17:17 +0700] "GET /?a=07910243937507 HTTP/1.1" 200 49773 "-" "TerraCotta https://github.com/CeramicTeam/CeramicTerracotta"
206.168.190.59 - - [01/Feb/2026:19:17:23 +0700] "GET /?a=19224211430901 HTTP/1.1" 200 49773 "-" "TerraCotta https://github.com/CeramicTeam/CeramicTerracotta"
2a06:98c0:3600::103 - - [01/Feb/2026:19:17:34 +0700] "GET /assets/ HTTP/1.1" 404 - "-" "Mozilla/5.0 (Windows NT 10.0; Win64; x64) AppleWebKit/537.36 (KHTML, like Gecko) Chrome/120.0.0.0 Safari/537.36"
206.168.190.59 - - [01/Feb/2026:19:17:43 +0700] "GET /?a=12115256316702 HTTP/1.1" 200 49773 "-" "TerraCotta https://github.com/CeramicTeam/CeramicTerracotta"
206.168.190.59 - - [01/Feb/2026:19:17:45 +0700] "GET /?a=60498273504010 HTTP/1.1" 200 49773 "-" "TerraCotta https://github.com/CeramicTeam/CeramicTerracotta"
206.168.190.59 - - [01/Feb/2026:19:17:51 +0700] "GET /?a=94827261719001 HTTP/1.1" 200 49773 "-" "TerraCotta https://github.com/CeramicTeam/CeramicTerracotta"
206.168.190.59 - - [01/Feb/2026:19:17:52 +0700] "GET /sukses-masuk-ptn-lewat-jalur-prestasi/ HTTP/1.1" 404 - "-" "Mozilla/5.0 (Linux; Android 5.0) AppleWebKit/537.36 (KHTML, like Gecko) Mobile Safari/537.36 (compatible; Bytespider; spider-feedback@bytedance.com)"
206.168.190.59 - - [01/Feb/2026:19:17:54 +0700] "GET /?a=86475108555702 HTTP/1.1" 200 49773 "-" "TerraCotta https://github.com/CeramicTeam/CeramicTerracotta"
206.168.190.59 - - [01/Feb/2026:19:18:06 +0700] "GET /?a=5077042295603 HTTP/1.1" 200 49773 "-" "TerraCotta https://github.com/CeramicTeam/CeramicTerracotta"
206.168.190.59 - - [01/Feb/2026:19:18:27 +0700] "GET /?a=20758173877901 HTTP/1.1" 200 49773 "-" "TerraCotta https://github.com/CeramicTeam/CeramicTerracotta"
206.168.190.59 - - [01/Feb/2026:19:18:45 +0700] "GET /?a=22768253260402 HTTP/1.1" 200 49773 "-" "TerraCotta https://github.com/CeramicTeam/CeramicTerracotta"
206.168.190.59 - - [01/Feb/2026:19:18:51 +0700] "GET /?a=52899277664106 HTTP/1.1" 200 49773 "-" "TerraCotta https://github.com/CeramicTeam/CeramicTerracotta"
206.168.190.59 - - [01/Feb/2026:19:19:30 +0700] "GET /?a=38124135633000 HTTP/1.1" 200 49773 "-" "TerraCotta https://github.com/CeramicTeam/CeramicTerracotta"
206.168.190.59 - - [01/Feb/2026:19:19:51 +0700] "GET /?a=22309260309200 HTTP/1.1" 200 49773 "-" "TerraCotta https://github.com/CeramicTeam/CeramicTerracotta"
206.168.190.59 - - [01/Feb/2026:19:19:54 +0700] "GET /?a=83720102220800 HTTP/1.1" 200 49773 "-" "Mozilla/5.0 AppleWebKit/537.36 (KHTML, like Gecko; compatible; bingbot/2.0; +http://www.bing.com/bingbot.htm) Chrome/116.0.1938.76 Safari/537.36"
206.168.190.59 - - [01/Feb/2026:19:19:56 +0700] "GET /?a=34730204947004 HTTP/1.1" 200 49773 "-" "TerraCotta https://github.com/CeramicTeam/CeramicTerracotta"
206.168.190.59 - - [01/Feb/2026:19:20:02 +0700] "GET /?a=9290898211405 HTTP/1.1" 200 49773 "-" "TerraCotta https://github.com/CeramicTeam/CeramicTerracotta"
206.168.190.59 - - [01/Feb/2026:19:20:10 +0700] "GET /biayakuliah/?C=D;O=A HTTP/1.1" 404 - "-" "Mozilla/5.0 (X11; U; Linux x86_64; en-US) AppleWebKit/540.0 (KHTML,like Gecko) Chrome/9.1.0.0 Safari/540.0"
206.168.190.59 - - [01/Feb/2026:19:20:13 +0700] "GET /?a=90388221374401 HTTP/1.1" 200 49773 "-" "TerraCotta https://github.com/CeramicTeam/CeramicTerracotta"
206.168.190.59 - - [01/Feb/2026:19:20:25 +0700] "GET /?a=17156196328402 HTTP/1.1" 200 49773 "-" "TerraCotta https://github.com/CeramicTeam/CeramicTerracotta"
206.168.190.59 - - [01/Feb/2026:19:20:28 +0700] "GET /?a=3821760125700 HTTP/1.1" 200 49773 "-" "TerraCotta https://github.com/CeramicTeam/CeramicTerracotta"
206.168.190.59 - - [01/Feb/2026:19:20:42 +0700] "GET /?a=16148113252107 HTTP/1.1" 200 49773 "-" "TerraCotta https://github.com/CeramicTeam/CeramicTerracotta"
206.168.190.59 - - [01/Feb/2026:19:20:56 +0700] "GET /?a=53894132294000 HTTP/1.1" 200 49773 "-" "TerraCotta https://github.com/CeramicTeam/CeramicTerracotta"
206.168.190.59 - - [01/Feb/2026:19:21:05 +0700] "GET /?a=9578190256400 HTTP/1.1" 200 49773 "-" "TerraCotta https://github.com/CeramicTeam/CeramicTerracotta"
206.168.190.59 - - [01/Feb/2026:19:21:11 +0700] "GET /?a=7720028407400 HTTP/1.1" 200 49773 "-" "TerraCotta https://github.com/CeramicTeam/CeramicTerracotta"
206.168.190.59 - - [01/Feb/2026:19:21:35 +0700] "GET /?a=651987685100 HTTP/1.1" 200 49773 "-" "TerraCotta https://github.com/CeramicTeam/CeramicTerracotta"
206.168.190.59 - - [01/Feb/2026:19:21:38 +0700] "GET /?a=9598744967301 HTTP/1.1" 200 49773 "-" "TerraCotta https://github.com/CeramicTeam/CeramicTerracotta"
206.168.190.59 - - [01/Feb/2026:19:21:41 +0700] "GET /?a=9790332832803 HTTP/1.1" 200 49773 "-" "TerraCotta https://github.com/CeramicTeam/CeramicTerracotta"
206.168.190.59 - - [01/Feb/2026:19:21:44 +0700] "GET /?a=7427597423904 HTTP/1.1" 200 49773 "-" "TerraCotta https://github.com/CeramicTeam/CeramicTerracotta"
206.168.190.59 - - [01/Feb/2026:19:21:53 +0700] "GET /?a=70694236239700 HTTP/1.1" 200 49773 "-" "TerraCotta https://github.com/CeramicTeam/CeramicTerracotta"
206.168.190.59 - - [01/Feb/2026:19:21:55 +0700] "GET /?a=96029146546605 HTTP/1.1" 200 49773 "-" "TerraCotta https://github.com/CeramicTeam/CeramicTerracotta"
206.168.190.59 - - [01/Feb/2026:19:21:58 +0700] "GET /?a=57310261780701 HTTP/1.1" 200 49773 "-" "TerraCotta https://github.com/CeramicTeam/CeramicTerracotta"
206.168.190.59 - - [01/Feb/2026:19:22:04 +0700] "GET /?a=18978141409500 HTTP/1.1" 200 49773 "-" "TerraCotta https://github.com/CeramicTeam/CeramicTerracotta"
206.168.190.59 - - [01/Feb/2026:19:22:13 +0700] "GET /?a=15429227811400 HTTP/1.1" 200 49773 "-" "TerraCotta https://github.com/CeramicTeam/CeramicTerracotta"
206.168.190.59 - - [01/Feb/2026:19:22:19 +0700] "GET /?a=12071270328200 HTTP/1.1" 200 49773 "-" "TerraCotta https://github.com/CeramicTeam/CeramicTerracotta"
206.168.190.59 - - [01/Feb/2026:19:22:21 +0700] "GET /?a=29657105762902 HTTP/1.1" 200 49773 "-" "TerraCotta https://github.com/CeramicTeam/CeramicTerracotta"
206.168.190.59 - - [01/Feb/2026:19:22:45 +0700] "GET /?a=40154132080407 HTTP/1.1" 200 49773 "-" "TerraCotta https://github.com/CeramicTeam/CeramicTerracotta"
206.168.190.59 - - [01/Feb/2026:19:22:51 +0700] "GET /?a=49790210289401 HTTP/1.1" 200 49773 "-" "TerraCotta https://github.com/CeramicTeam/CeramicTerracotta"
206.168.190.59 - - [01/Feb/2026:19:22:54 +0700] "GET /?a=5810721850800 HTTP/1.1" 200 49773 "-" "TerraCotta https://github.com/CeramicTeam/CeramicTerracotta"
206.168.190.59 - - [01/Feb/2026:19:23:02 +0700] "GET /?a=0897262183002 HTTP/1.1" 200 49773 "-" "TerraCotta https://github.com/CeramicTeam/CeramicTerracotta"
206.168.190.59 - - [01/Feb/2026:19:23:05 +0700] "GET /?a=18400100518905 HTTP/1.1" 200 49773 "-" "TerraCotta https://github.com/CeramicTeam/CeramicTerracotta"
206.168.190.59 - - [01/Feb/2026:19:23:08 +0700] "GET /?a=8416867430101 HTTP/1.1" 200 49773 "-" "TerraCotta https://github.com/CeramicTeam/CeramicTerracotta"
206.168.190.59 - - [01/Feb/2026:19:23:16 +0700] "GET /?a=88177240010501 HTTP/1.1" 200 49773 "-" "TerraCotta https://github.com/CeramicTeam/CeramicTerracotta"
206.168.190.59 - - [01/Feb/2026:19:23:25 +0700] "GET /?a=9590730090603 HTTP/1.1" 200 49773 "-" "TerraCotta https://github.com/CeramicTeam/CeramicTerracotta"
206.168.190.59 - - [01/Feb/2026:19:23:28 +0700] "GET /post-doctoral-fellowship-program/ HTTP/1.1" 404 - "-" "Mozilla/5.0 (Linux; Android 5.0) AppleWebKit/537.36 (KHTML, like Gecko) Mobile Safari/537.36 (compatible; TikTokSpider; ttspider-feedback@tiktok.com)"
